n base 9, what is 2411 - -83412?
85823
In base 7, what is -420 - 50012?
-50432
In base 10, what is 9173 - -34363?
43536
In base 7, what is 63160 - 255?
62602
In base 11, what is -12 + -3965021?
-3965033
In base 5, what is 3201420342 + 10?
3201420402
In base 8, what is -164707 + -10726?
-175635
In base 16, what is -f08 + 3ef0?
2fe8
In base 13, what is -64 + -1093c?
-109a3
In base 7, what is 233 - -16314253?
16314516
In base 10, what is -3413451 - -4?
-3413447
In base 5, what is 1033 + -14113222?
-14112134
In base 8, what is 534612221 - 2?
534612217
In base 14, what is 3526 - -4?
352a
In base 16, what is 2b - -d665f?
d668a
In base 11, what is 632 + -122a3?
-11771
In base 12, what is 19007 + -b7?
18b10
In base 8, what is -156241201 - -3?
-156241176
In base 5, what is 23042243 - 23?
23042220
In base 14, what is bd8038a - -4?
bd80390
In base 7, what is 556662 + 1253?
561245
In base 2, what is 100 - 1001001001010111000011?
-1001001001010110111111
In base 7, what is -11 + 13504513?
13504502
In base 4, what is 13030 + -1100322331?
-1100303301
In base 16, what is 175 + 269cb?
26b40
In base 12, what is 1a432593 + -4?
1a43258b
In base 13, what is -3012a - -26a8?
-2a752
In base 16, what is 6 - -1d6fbcb?
1d6fbd1
In base 7, what is -10 + 5350022?
5350012
In base 10, what is -10066 + -1663?
-11729
In base 6, what is 141 - 23333034?
-23332453
In base 8, what is 7 + 23346514?
23346523
In base 12, what is 336 - -10602?
10938
In base 13, what is -4b8 - 13b4?
-189c
In base 11, what is -2756 - -5037?
2391
In base 8, what is -4 + 145170262?
145170256
In base 5, what is -2 - -14203020332?
14203020330
In base 13, what is -206 + -10295a?
-102b63
In base 16, what is 12 + 120e8b?
120e9d
In base 11, what is -2a56864 - -5?
-2a5685a
In base 14, what is 104c + 468?
14b6
In base 8, what is 5 - 4646123?
-4646116
In base 8, what is -4 + 10674404?
10674400
In base 8, what is -2 + -16003067?
-16003071
In base 12, what is -72b8 - -1221?
-6097
In base 4, what is 130 + -3133231032?
-3133230302
In base 6, what is 1 - -10435535453?
10435535454
In base 10, what is -31415018 + 0?
-31415018
In base 15, what is 7caa + -44a?
7860
In base 15, what is 39 + 282327?
282361
In base 11, what is 6 - -945370?
945376
In base 4, what is 21031302 - 101032?
20330210
In base 2, what is 1111001111 - 11000100010000?
-10110101000001
In base 15, what is c - b557c4?
-b557b7
In base 7, what is 16 - -16143332?
16143351
In base 11, what is 293a - -28921?
30760
In base 9, what is -240714 + -10?
-240724
In base 4, what is 0 + -32000103222?
-32000103222
In base 2, what is 100000110011011111 + -100000?
100000110010111111
In base 16, what is 2dbd8 - 71?
2db67
In base 3, what is -10210010101221 + -210?
-10210010102201
In base 4, what is 12 + -21011220303?
-21011220231
In base 10, what is -73925 - -7437?
-66488
In base 15, what is 145b1d5 - -a?
145b1e0
In base 7, what is -53624034 + 25?
-53624006
In base 11, what is -28 - -110964?
110937
In base 5, what is 443 + -10143331?
-10142333
In base 4, what is 101 - 10332202233?
-10332202132
In base 13, what is c23a39 - -1?
c23a3a
In base 3, what is -220011222021222 + 2?
-220011222021220
In base 4, what is 3203120 - 13210203?
-10001023
In base 15, what is 128d6c13 - -3?
128d6c16
In base 16, what is 14ce - -2fd80?
3124e
In base 2, what is 110010110011101 - 10000110?
110010100010111
In base 5, what is -3043 + 1144431?
1141333
In base 7, what is 1541001 + 3064?
1544065
In base 9, what is 747484 - 21?
747463
In base 2, what is -100 + -1010100010000110011111001?
-1010100010000110011111101
In base 6, what is 12511052 - 21?
12511031
In base 10, what is -518653 + 19?
-518634
In base 16, what is -1 - -fa958?
fa957
In base 12, what is -798212 - -3?
-79820b
In base 7, what is -5 + -20145236?
-20145244
In base 15, what is -30 + -42eee3?
-430023
In base 10, what is 4 + -149864114?
-149864110
In base 12, what is -525 + 270a6?
26781
In base 11, what is -5a59487a - -3?
-5a594877
In base 11, what is -41017516 + 4?
-41017512
In base 9, what is -157580 - 2154?
-160744
In base 14, what is 875 - -290?
b25
In base 15, what is -4de0 + 100?
-4ce0
In base 13, what is -737a32 - -3?
-737a2c
In base 11, what is 7736a7 - 158?
77354a
In base 11, what is 4 - a225758?
-a225754
In base 8, what is 1 + -450441221?
-450441220
In base 4, what is 2223 + -102123013?
-102120130
In base 8, what is -14647455 - 5?
-14647462
In base 3, what is 1021022 + 22110211?
100202010
In base 2, what is 11011110001 - 1111110111101000?
-1111011011110111
In base 13, what is -3b127 - 38?
-3b162
In base 8, what is -33 + -333460?
-333513
In base 5, what is 1034414331011 + -3?
1034414331003
In base 8, what is -1147436 + -760?
-1150416
In base 3, what is -12 - -2220000000122200?
2220000000122111
In base 9, what is -4 + 846667?
846663
In base 5, what is 3330043 + 4433?
3340031
In base 15, what is 7e38 - 2a3?
7b85
In base 11, what is 505197 - 14?
505183
In base 10, what is -85100564 + 4?
-85100560
In base 10, what is 48934 + 64?
48998
In base 6, what is 12405513 - -4251?
12414204
In base 7, what is 14341645 + 12?
14341660
In base 10, what is -5447085 + 0?
-5447085
In base 11, what is 3417a - 585?
336a5
In base 7, what is 153020122 - 3?
153020116
In base 8, what is -7 + -5514446?
-5514455
In base 7, what is -2504 + 104523?
102016
In base 8, what is -6257 - -653?
-5404
In base 6, what is -2 + 32421233431?
32421233425
In base 3, what is 212 - 102000110121011?
-102000110120022
In base 3, what is 1022211112122120 - -100?
1022211112122220
In base 4, what is 11 - -102300232001?
102300232012
In base 9, what is 0 + 10506775?
10506775
In base 10, what is 16112 + -664?
15448
In base 2, what is 1010111000111001000101 - 111?
1010111000111000111110
In base 4, what is -2 + -11320201100?
-11320201102
In base 4, what is 211123023 - 120?
211122303
In base 9, what is 3 + 18157022?
18157025
In base 2, what is -11011000000111011000 - 111?
-11011000000111011111
In base 4, what is -1211 + 3031222?
3030011
In base 2, what is 111 + -11011001001101100111010?
-11011001001101100110011
In base 12, what is b4a9bb + -6?
b4a9b5
In base 10, what is 49540483 + -1?
49540482
In base 12, what is -1530220 - -5?
-1530217
In base 15, what is -62796 + -18?
-627ae
In base 15, what is 6 - 14d31?
-14d2a
In base 12, what is -3ab7 - 97038?
-9ab33
In base 10, what is -5 - -101119?
101114
In base 9, what is -5 + 12671844?
12671838
In base 5, what is -20 - 1001442314?
-1001442334
In base 2, what is 10010110 - -1010001100100001001?
1010001100110011111
In base 13, what is -29bc76 + -17?
-29bc90
In base 11, what is 4912a + -37?
490a3
In base 7, what is -6566 + -11621?
-21520
In base 16, what is 54 - 505fa0?
-505f4c
In base 8, what is 136040265 + 4?
136040271
In base 2, what is -10 - -101001110111010011000010?
101001110111010011000000
In base 15, what is -4d - 133ac?
-1340a
In base 4, what is -11221 - 1323113?
-2001000
In base 11, what is 8 + -46369767?
-4636975a
In base 2, what is 1 + -10111001111000110111011?
-10111001111000110111010
In base 5, what is -21343 - -430304?
403411
In base 6, what is 1335 + -140515110?
-140513331
In base 13, what is -1 - 862a889?
-862a88a
In base 9, what is 26 - -163352?
163378
In base 15, what is 895b6aa - 5?
895b6a5
In base 10, what is -9514 + 1982?
-7532
In base 7, what is 32042550 - 4?
32042543
In base 14, what is 159 + 71aa?
7325
In base 5, what is -40013 - 3012?
-43030
In base 3, what is -111221100001 - -1111?
-111221021120
In base 15, what is -10865 - 6?
-1086b
In base 13, what is -5687 - -1365?
-4322
In base 7, what is -46 + 315065111?
315065032
In base 10, what is -295 + 143117?
142822
In base 16, what is -2fa29e - -4?
-2fa29a
In base 5, what is 123 + -2010013313?
-2010013140
In base 6, what is 31322 - -355?
32121
In base 6, what is 0 - 5133150?
-5133150
In base 15, what is e9a3 + 1?
e9a4
In base 16, what is 4 + 187f2?
187f6
In base 10, what is 614684 - -5?
614689
In base 2, what is -1000010010111011110010000 + 10?
-1000010010111011110001110
In base 6, what is 240 - -1233143?
1233423
In base 2, what is 11010100110111 + 1010010111110?
100100111110101
In base 14, what is -2794a - -84b?
-270dd
In base 11, what is -254 - 11661?
-11905
In base 15, what is a06ed - 8e?
a065e
In base 6, what is 5422235 + 151?
5422430
In base 3, what is 2022100 + 20120220